{"id":1796,"date":"2019-11-06T13:23:48","date_gmt":"2019-11-06T12:23:48","guid":{"rendered":"http:\/\/csrgniezno.pl\/?page_id=1796"},"modified":"2025-09-04T13:20:15","modified_gmt":"2025-09-04T11:20:15","slug":"ogolne-warunki-ubezpieczenia-2019-2020-2","status":"publish","type":"page","link":"https:\/\/csrgniezno.pl\/?page_id=1796","title":{"rendered":"Og\u00f3lne warunki ubezpieczenia 2025\/2026"},"content":{"rendered":"\n<p><\/p>\n\n\n\n<p><a href=\"https:\/\/csrgniezno.pl\/wp-content\/uploads\/2022\/09\/UBEZPIECZENIA_SZKOLNE_final.pdf\">Informacja og\u00f3lna o ubezpieczeniu<\/a><\/p>\n\n\n\n<p><a href=\"https:\/\/csrgniezno.pl\/wp-content\/uploads\/2025\/09\/UBEZPIECZENIE-NA-ROK-SZKOLNY-20252026-INFORMACJA.pdf\">Informacja o ubezpieczeniu CSR Gniezno<\/a><\/p>\n\n\n\n<p><a href=\"https:\/\/csrgniezno.pl\/wp-content\/uploads\/2025\/09\/INTERRISK_OWU_NNW-5.pdf\">Og\u00f3lne warunki ubezpieczenia NNW<\/a><\/p>\n\n\n\n<p><a href=\"https:\/\/csrgniezno.pl\/wp-content\/uploads\/2025\/09\/INTERRISK_OWU-OC.pdf\">Og\u00f3lne warunki ubezpieczenia OC<\/a><\/p>\n\n\n\n<p><a href=\"https:\/\/csrgniezno.pl\/wp-content\/uploads\/2025\/09\/INTERRISK_KLAUZULE_OC.pdf\">Klauzule OC<\/a><\/p>\n\n\n\n<p><a href=\"https:\/\/csrgniezno.pl\/wp-content\/uploads\/2025\/09\/INTERRISK_POSTANOWIENIA-DODATKOWE-I-ODMIENNE-OD-OWU_NNW.pdf\">Postanowienia dodatkowe do og\u00f3lnych warunk\u00f3w ubezpieczenia<\/a><\/p>\n\n\n\n<p><a href=\"https:\/\/csrgniezno.pl\/wp-content\/uploads\/2024\/09\/INTERRISK_TABELA_TRWALEGO_USZCZERBKU.pdf\">Tabela trwa\u0142ego uszczerbku na zdrowiu<\/a><\/p>\n\n\n\n<p><a href=\"https:\/\/csrgniezno.pl\/wp-content\/uploads\/2025\/09\/INTERRISK_ULOTKA-SZKODOWA_NNW.pdf\">Ulotka szkodowa<\/a><\/p>\n\n\n\n<p><a href=\"https:\/\/csrgniezno.pl\/wp-content\/uploads\/2025\/09\/INTERRISK_DRUK-ZGLOSZENIA-SZKODY.pdf\">Druk zg\u0142oszenia roszczenia<\/a><\/p>\n","protected":false},"excerpt":{"rendered":"<p>Informacja og\u00f3lna o ubezpieczeniu Informacja o ubezpieczeniu CSR Gniezno Og\u00f3lne warunki ubezpieczenia NNW Og\u00f3lne warunki ubezpieczenia OC Klauzule OC Postanowienia dodatkowe do og\u00f3lnych warunk\u00f3w ubezpieczenia Tabela trwa\u0142ego uszczerbku na zdrowiu Ulotka szkodowa Druk zg\u0142oszenia roszczenia<\/p>\n","protected":false},"author":2,"featured_media":0,"parent":0,"menu_order":0,"comment_status":"closed","ping_status":"closed","template":"","meta":{"footnotes":""},"class_list":["post-1796","page","type-page","status-publish","hentry"],"_links":{"self":[{"href":"https:\/\/csrgniezno.pl\/index.php?rest_route=\/wp\/v2\/pages\/1796","targetHints":{"allow":["GET"]}}],"collection":[{"href":"https:\/\/csrgniezno.pl\/index.php?rest_route=\/wp\/v2\/pages"}],"about":[{"href":"https:\/\/csrgniezno.pl\/index.php?rest_route=\/wp\/v2\/types\/page"}],"author":[{"embeddable":true,"href":"https:\/\/csrgniezno.pl\/index.php?rest_route=\/wp\/v2\/users\/2"}],"replies":[{"embeddable":true,"href":"https:\/\/csrgniezno.pl\/index.php?rest_route=%2Fwp%2Fv2%2Fcomments&post=1796"}],"version-history":[{"count":16,"href":"https:\/\/csrgniezno.pl\/index.php?rest_route=\/wp\/v2\/pages\/1796\/revisions"}],"predecessor-version":[{"id":6717,"href":"https:\/\/csrgniezno.pl\/index.php?rest_route=\/wp\/v2\/pages\/1796\/revisions\/6717"}],"wp:attachment":[{"href":"https:\/\/csrgniezno.pl\/index.php?rest_route=%2Fwp%2Fv2%2Fmedia&parent=1796"}],"curies":[{"name":"wp","href":"https:\/\/api.w.org\/{rel}","templated":true}]}}