{"id":79,"date":"2017-02-22T18:22:36","date_gmt":"2017-02-22T18:22:36","guid":{"rendered":"http:\/\/csrgniezno.pl\/?page_id=79"},"modified":"2026-02-25T12:58:46","modified_gmt":"2026-02-25T11:58:46","slug":"kontakt","status":"publish","type":"page","link":"https:\/\/csrgniezno.pl\/?page_id=79","title":{"rendered":"Kontakt"},"content":{"rendered":"\n<h2 class=\"wp-block-heading\"><span style=\"color: #003300;\"><strong>CECHOWA SZKO\u0141A RZEMIE\u015aLNICZA<\/strong><\/span><\/h2>\n\n\n\n<h2 class=\"wp-block-heading\"><span style=\"color: #003300;\"><strong>W GNIE\u0179NIE<\/strong><\/span><\/h2>\n\n\n\n<h3 class=\"wp-block-heading\"><span style=\"color: #003300;\">Dyrekcja:<\/span><\/h3>\n\n\n\n<p><strong>mgr Katarzyna Piechocka<\/strong> &#8211; Dyrektor Cechowej Szko\u0142y Rzemie\u015blniczej w Gnie\u017anie<\/p>\n\n\n\n<p><strong>mgr in\u017c. Przemys\u0142aw Jarosz<\/strong> &#8211; Wicedyrektor Cechowej Szko\u0142y Rzemie\u015blniczej w Gnie\u017anie<\/p>\n\n\n\n<h3 class=\"wp-block-heading\"><span style=\"color: #003300;\">Dane teleadresowe:<\/span><\/h3>\n\n\n\n<p class=\"has-text-align-left\">Sekretariat ds. uczniowskich<br>ul. Wrzesi\u0144ska 53<br>62-200 Gniezno<\/p>\n\n\n\n<p class=\"has-text-align-left\">Dom Rzemios\u0142a<br>ul. Tumska 15<br>62-200 Gniezno<\/p>\n\n\n\n<p class=\"has-text-align-left\">tel. 500408424<br>e-mail: csr@csrgniezno.pl<\/p>\n\n\n\n<p class=\"has-text-align-left\"><iframe style=\"border: 0;\" data-src=\"https:\/\/www.google.com\/maps\/embed?pb=!1m18!1m12!1m3!1d606.7110867089245!2d17.594225600741605!3d52.536250342025625!2m3!1f0!2f0!3f0!3m2!1i1024!2i768!4f13.1!3m3!1m2!1s0x4704910edab0f025%3A0x196f4962393e0bf5!2sCechowa+Szko%C5%82a+Rzemie%C5%9Blnicza!5e0!3m2!1spl!2spl!4v1492801373827\" width=\"700\" height=\"450\" frameborder=\"0\" allowfullscreen=\"allowfullscreen\" src=\"data:image\/gif;base64,R0lGODlhAQABAAAAACH5BAEKAAEALAAAAAABAAEAAAICTAEAOw==\" class=\"lazyload\" data-load-mode=\"1\"><\/iframe><\/p>\n\n\n\n<p class=\"has-text-align-left\">&nbsp;<\/p>\n\n\n\n<p><\/p>\n","protected":false},"excerpt":{"rendered":"<p>CECHOWA SZKO\u0141A RZEMIE\u015aLNICZA W GNIE\u0179NIE Dyrekcja: mgr Katarzyna Piechocka &#8211; Dyrektor Cechowej Szko\u0142y Rzemie\u015blniczej w Gnie\u017anie mgr in\u017c. Przemys\u0142aw Jarosz &#8211; Wicedyrektor Cechowej Szko\u0142y Rzemie\u015blniczej w Gnie\u017anie Dane teleadresowe: Sekretariat ds. uczniowskichul. Wrzesi\u0144ska 5362-200 Gniezno Dom Rzemios\u0142aul. Tumska 1562-200 Gniezno tel. 500408424e-mail: csr@csrgniezno.pl &nbsp;<\/p>\n","protected":false},"author":1,"featured_media":0,"parent":0,"menu_order":0,"comment_status":"closed","ping_status":"closed","template":"","meta":{"footnotes":""},"class_list":["post-79","page","type-page","status-publish","hentry"],"_links":{"self":[{"href":"https:\/\/csrgniezno.pl\/index.php?rest_route=\/wp\/v2\/pages\/79","targetHints":{"allow":["GET"]}}],"collection":[{"href":"https:\/\/csrgniezno.pl\/index.php?rest_route=\/wp\/v2\/pages"}],"about":[{"href":"https:\/\/csrgniezno.pl\/index.php?rest_route=\/wp\/v2\/types\/page"}],"author":[{"embeddable":true,"href":"https:\/\/csrgniezno.pl\/index.php?rest_route=\/wp\/v2\/users\/1"}],"replies":[{"embeddable":true,"href":"https:\/\/csrgniezno.pl\/index.php?rest_route=%2Fwp%2Fv2%2Fcomments&post=79"}],"version-history":[{"count":18,"href":"https:\/\/csrgniezno.pl\/index.php?rest_route=\/wp\/v2\/pages\/79\/revisions"}],"predecessor-version":[{"id":6979,"href":"https:\/\/csrgniezno.pl\/index.php?rest_route=\/wp\/v2\/pages\/79\/revisions\/6979"}],"wp:attachment":[{"href":"https:\/\/csrgniezno.pl\/index.php?rest_route=%2Fwp%2Fv2%2Fmedia&parent=79"}],"curies":[{"name":"wp","href":"https:\/\/api.w.org\/{rel}","templated":true}]}}